e -5*n + 124 = -z. What is the tens digit of n?
3
Suppose -9*k + 25304 = -5890. What is the units digit of k?
6
Suppose 19 - 4 = 5*s. Suppose -d - 1 = -s*y, -2*d - 6 + 24 = 4*y. Suppose -y*n + 145 = 5*z, 4*n + 15 = -5. What is the tens digit of z?
3
Let a(u) = 337*u**3 - 4*u**2 + 6*u - 4. What is the tens digit of a(2)?
8
Let f(v) = 9*v + 8*v + 407 - 434. What is the tens digit of f(18)?
7
Let k = -5 + 99. What is the units digit of k?
4
Suppose -5*s + 1835 = -2*y, 2*s - 4*y - 683 = 67. What is the hundreds digit of s?
3
What is the tens digit of 245/(-6)*(-728)/(-65)*-3?
7
Suppose -5*y + 0*d = d - 41, 4*y - 5*d - 27 = 0. Let i be 33/44*2*y. What is the tens digit of 2*-26*(i + -13)?
5
Suppose 5*v - 627 = -3*z, -v + 0*v - 5*z + 121 = 0. Suppose 228 + v = 2*n. What is the units digit of n?
7
What is the tens digit of 21/((-3927)/(-22)) - (-48582)/34?
2
Suppose 2*x + m - 3*m - 458 = 0, -3*m - 1141 = -5*x. Suppose 253 = 3*u - x. What is the tens digit of u?
6
Suppose -3*j = -2*j - 3. Let m be 9/(-3)*-1 - j. Suppose m = -4*g + 7*g - 9. What is the units digit of g?
3
Suppose -4*b = -k + 171 - 5702, -3*b + 4154 = 5*k. What is the thousands digit of b?
1
Let y(a) = -22*a - 20. Suppose 0 = -3*b + 2*g - 25, -3*g - 2*g = -2*b - 2. What is the units digit of y(b)?
2
Let m(d) = -12*d + 1. Let l(t) = -t**3 - 5*t**2 - t - 3. Let w be l(-5). Suppose 0 + 4 = -w*z. What is the tens digit of m(z)?
2
Suppose 0*y - 4*y + 8 = 3*i, 2*i = y - 2. Suppose 0 = 4*m + 4*h + 56, 0*m - y*h + 32 = -4*m. Let n(v) = -2*v - 9. What is the units digit of n(m)?
1
Suppose g = -3*v - 0*g + 33, -4*v + 2*g = -54. Let b = -16 + v. What is the units digit of (b/6)/((-2)/15)?
5
Let w = 21 - 7. Suppose w = 4*d + 6. Let f(r) = 3*r**3 - 4*r**2 + 2*r. What is the tens digit of f(d)?
1
Let d = -930 - -1657. What is the units digit of d?
7
Suppose 0*j - j + 6 = 0. Suppose -5*d + j*d - 21 = 0. Let a = d + 3. What is the tens digit of a?
2
Let m = 601 + -260. What is the hundreds digit of m?
3
Let a = 2 - -3. Suppose 5*d + 55 = -5*j + 75, 3*j = 3*d. Suppose -d*o + 89 = a*c, 2 = -5*c - 3. What is the units digit of o?
7
Let w = 1 - 1. Suppose 9*y - 20 = 5*y. Suppose y*p - 38 - 67 = w. What is the tens digit of p?
2
Let j(b) be the first derivative of -b**3/3 - 13*b**2/2 - 2*b + 6. Let d be -6 - (-2)/(0 + -1). What is the tens digit of j(d)?
3
Let j be 13/2 - 3/(-2). Let c(l) = -l**3 + 8*l**2 - l + 8. Let t be c(j). Suppose 4*m = 3*i - t*i - 49, m + 41 = 2*i. What is the tens digit of i?
2
Let t = 2 - -7. Let x = 16 + t. What is the units digit of x/(-10)*(-26)/5?
3
Suppose -9 = t - 0*t. Let y be (-168)/27 - 2/t. What is the tens digit of 2/y + 104/6?
1
Suppose 5*s = 6 + 4. Let b(z) = 2*z - z**3 - 5*z**2 + 3 + 5*z - 2*z**s + 0*z. What is the units digit of b(-8)?
1
Let s = -133 + 194. Let v = s - 42. What is the units digit of v?
9
Let f be (0 + 381)/3*-1. Let u = 65 + f. What is the units digit of u/(-4) + 5/(-10)?
5
Suppose 10764 = 13*o - 0*o. What is the hundreds digit of o?
8
Suppose t = -4*f + 344, 5*f - t = 252 + 178. What is the tens digit of f?
8
Let g(y) = -y**3 + 6*y**2 - 4*y - 2. Let h be g(5). Suppose 5*o + h + 192 = 0. What is the units digit of (o - -1)*(-6)/12?
9
Let j(k) = 72*k + 295. What is the units digit of j(24)?
3
Let s be (438/(-15))/((-1)/5). Let y = s + -81. What is the tens digit of y?
6
Let o be (-246)/(-21) - (-4)/14. Let h = -14 + o. What is the units digit of (48/40)/(h/(-45))?
7
Suppose 2*i + 0*i - r = -19, 2*r + 16 = -2*i. Let b = 11 + i. Let a = 15 - b. What is the tens digit of a?
1
Let v(j) be the first derivative of 7*j**4/4 - j**3 + 3*j**2/2 + j - 3. What is the tens digit of v(3)?
7
Let k = -8 + 11. Suppose -3*c + k = -2*i - 13, 40 = -5*i + c. Let u(v) = v + 14. What is the units digit of u(i)?
6
Suppose 937 - 20 = 7*t. What is the units digit of t + (1*(-1 - -4) - 1)?
3
Let f(o) = -5*o + 2*o + 9 + 4*o. Let r be f(10). Let t = r + 0. What is the tens digit of t?
1
Suppose -12*r + 11*r + 1319 = -4*m, 0 = 5*r + 4*m - 6547. What is the thousands digit of r?
1
Suppose r - 21 = -4*m, -2 - 10 = -4*m. Suppose 5*l - r*l + 32 = 0. What is the units digit of 202/l + 6/8?
6
Let q be (6/5)/(3/10). Suppose n + q = -3*n. Let z(h) = -5*h**3 - h**2 - h - 1. What is the units digit of z(n)?
4
Let m = -13 - -16. Let q be m/(-2)*-2 - 3. Suppose -3*k + 27 = -q*k. What is the units digit of k?
9
Let y be (-2)/(-3) - (-10)/(-15). Suppose y*k - 18 = -3*k. Let d = 18 - k. What is the units digit of d?
2
Let p(l) = 0*l**2 + 2 - l**2 + 17 + 16*l. Let c be p(17). Suppose -3*j = -4*j + 4, 68 = c*v - 5*j. What is the units digit of v?
4
Let s = 15 + -15. Suppose -2*y - 4*y + 348 = s. What is the units digit of y?
8
Let q be (0 + 2/(-8))*-8. Let l(t) = -t**3 + 4*t**2 - 4*t + 3. Let z be l(3). Suppose z = -6*k + q*k + 68. What is the units digit of k?
7
Let t = 432 - 404. Let s = 11 + -7. Suppose 0 = s*c - 28 - t. What is the units digit of c?
4
Suppose -73*a + 25*a = -12432. What is the units digit of a?
9
Let f be (-54)/72 - (-11)/4. Suppose -96 = 2*m + f*m. Let o = -13 - m. What is the units digit of o?
1
Let o(s) = s**3 + 36*s**2 + 5*s + 32. What is the hundreds digit of o(-18)?
7
Suppose -16*f + 5192 = 6*f. What is the tens digit of f?
3
Suppose 10*k - 9*k = 25. Suppose -22 - 4 = -2*f + g, -3*f + 5*g + k = 0. What is the tens digit of f?
1
Suppose -4*f - u + 2 = 15, -9 = 2*f + u. Let j be f/6 - (-39)/9. Suppose -7*k = -4*k + j*o - 37, -5*o = -20. What is the units digit of k?
7
Let k = 35 - 31. Suppose 0*v + k*v = -56. What is the tens digit of (v/8)/(3/(-36))?
2
Suppose -5*s + 213 - 68 = 0. Let i = -24 - -29. Suppose 48 = 3*n + i*b, 2*n - s - 3 = 4*b. What is the tens digit of n?
1
What is the tens digit of 1/(-4 + 14818/3704)?
5
Let t(r) = 6*r**2 - 9*r + 48. What is the tens digit of t(14)?
9
Let i be 4 + (788 - (-10)/2). Suppose -229 = -2*a - n, -4*n - i = -5*a - 218. What is the tens digit of a?
1
Let p = -642 + 899. Let j = p - 131. What is the units digit of j?
6
Let r be (-6)/(-3)*2/(-4). Let b be (-2 + 24)*r/(-2). Suppose 3*i + 4*m = 23, 3*i + 0*i - b = 2*m. What is the units digit of i?
5
Let d be -14*((-16)/24)/((-4)/3). Let k(i) = 2*i**2 - 7*i - 17. What is the units digit of k(d)?
0
Let s(r) = -r**3 + 12*r**2 - 7*r - 14. Let m be s(11). Suppose 1 = z - m. What is the tens digit of z?
3
What is the hundreds digit of (((-4113)/(-2))/9)/((-2)/(-4))?
4
Suppose 564 - 72 = 3*c. Suppose 6*x - 63 - 3 = 0. Suppose -x*j + 7*j = -c. What is the units digit of j?
1
Let x(f) = -f**3 + 4*f + 5. Let q be x(-2). Suppose 261 + 242 = q*n + 4*c, -n = 4*c - 107. What is the units digit of n?
9
Let a(h) = 421*h - 15. What is the units digit of a(1)?
6
Suppose 2*w - 3*u = u + 528, -5*w = -3*u - 1285. What is the units digit of w?
4
Let c = -5 + 0. Let v(t) = 6*t + 2 - 8*t**2 - 2 + 10*t**2. What is the units digit of v(c)?
0
Let l = 1099 + -1092. What is the units digit of l?
7
Let r = -1266 + 2448. What is the units digit of r?
2
Let l(i) = -86*i + 15*i + 30*i - 176*i + 5. What is the units digit of l(-1)?
2
Let w = -1589 + 2474. What is the units digit of w?
5
Suppose -2*p + 1641 = 5*k, 10 = 2*k - 0. Suppose -9*l + p + 281 = 0. What is the units digit of l?
1
Let i(o) be the first derivative of -5*o**2/2 - 14*o + 1. Suppose -30 = 11*u - 6*u. What is the tens digit of i(u)?
1
Let k(x) = 3*x**3 - 5*x**2 + 6*x + 1. What is the tens digit of k(3)?
5
Suppose 15 + 5 = 4*j. Let y = j + 3. Suppose -7*m = -y*m + 69. What is the tens digit of m?
6
Suppose 0 = 2*y - 17 - 21. Let q = y - 29. Let a = 15 + q. What is the units digit of a?
5
Let h(d) = -35*d + 15. Let z(l) = -34*l + 15. Let v(i) = -5*h(i) + 4*z(i). What is the units digit of v(2)?
3
Suppose -4*i - 37 = 11. Let k(n) = n**3 + 12*n**2 - 10*n - 16. Let q be k(i). Let g = -61 + q. What is the tens digit of g?
4
Let n = 21 - 13. Suppose -16 = -152*v + 148*v. Suppose -n = v*z, -y = z + z - 32. What is the tens digit of y?
3
Let p(x) = x - 3. Let s be p(-7). What is the units digit of ((-8)/(-10))/(s/(-50))?
4
Let r = 8 + -6. Suppose -b - 2*b + 5*o + 27 = 0, r*b = o + 11. Suppose -5*w - 2*f = -14, -4*f - 2 = -3*w - b. What is the units digit of w?
2
Suppose -5 + 59 = 9*b. What is the units digit of ((-108)/45)/(b/(-285))?
4
Suppose 0 = 2*w - 